 3, 0 = n - 4*o - 14177. Is n a prime number?
True
Let g = -9 - -12. Let j(m) = -3*m - 28. Let v be j(-10). Suppose -v*f + 431 - 144 = 5*q, -5*q - g*f = -283. Is q a composite number?
False
Suppose 5*k - 3*c - 3 = -0*c, -5*c = k - 23. Suppose -880 = -k*d - 2*d. Let i = d - 53. Is i composite?
True
Suppose -3*y + 3 = b - 0, y - 17 = 5*b. Let x be y/12 + (-8511)/(-18). Is x/5 + (-4)/(-10) a prime number?
False
Let d(g) be the third derivative of g**5/12 + g**4/24 + 5*g**3/6 - 10*g**2. Let m be (-2 + 8)/(-2 - -1). Is d(m) composite?
False
Suppose 5*p = 2*s + 26110, 5*p - 2*p - s - 15667 = 0. Let v = -2817 + p. Is v prime?
False
Suppose 0 = -14*t - 10*t + 791832. Is t a prime number?
True
Suppose -3*g = o + 49, -5*g - 78 = -2*o - 0*o. Let c be 2/8 + 4/g. Suppose c*l - 2*l - 491 = -5*z, 0 = z - 2*l - 103. Is z composite?
False
Let q = 1941 - -1352. Is q a prime number?
False
Let y(g) = 6*g**2 - 7*g - 5. Let j be 88/110 - (-24)/(-5). Is y(j) a prime number?
False
Suppose -3*y + 7*c = 5*c - 30686, -12 = 3*c. Is y prime?
False
Let f(s) = 1069*s**2 - 3*s + 6. Let v be f(2). Let p = v + -83. Is p prime?
False
Let b = -1180 - -3781. Suppose -3*l - 515 = -z, -5*z + l + l + b = 0. Is z composite?
False
Let d = -72 - -107. Let o = d + -31. Suppose 4*n - o*k = 104, -4*n + 4*k + 42 = -2*n. Is n a prime number?
True
Let c(h) = 173 - h**3 - 583*h - 54 + 582*h - h**2. Suppose 3*p + a = 1, 5*p - 2*a = -2 - 0. Is c(p) composite?
True
Let p(v) = -2*v - 5*v**2 + 6*v**2 + 3*v + 2*v - 4. Let s be p(-4). Suppose -t - g + 72 = -s*t, -5*t - g + 340 = 0. Is t composite?
False
Let j = -226 + 69. Let k = 492 - j. Is k a prime number?
False
Let o = -2971 - -17757. Is o prime?
False
Let r = 135 - 73. Is r a composite number?
True
Let z = -4709 + 7122. Is z a prime number?
False
Let d = -784 + 3455. Is d composite?
False
Suppose -p = -8 - 710. Is p prime?
False
Let r(k) = -2*k**2 - 21*k + 32. Let z be r(-12). Is (z/10*1)/(2/(-290)) composite?
True
Let g(d) = -d**3 + 2*d**2 - 5*d - 27. Is g(-29) a prime number?
True
Let p(h) = h**2 + 2*h. Let c be p(1). Suppose 4*u + 0*u = y - 5, -c*y - 5*u = -49. Suppose 8*b + 475 = y*b. Is b prime?
False
Suppose -6*g + 2935 + 383 = 0. Suppose 3*d = 3*t + 5*d - 476, 5*d = -3*t + 461. Suppose 0 = 5*a - g - t. Is a composite?
True
Suppose 4*x = 3*v - v + 114, 3*v = 3*x - 78. Suppose -n - 5*r + 184 = 3*n, n = -5*r + x. Let a = n + -32. Is a composite?
False
Suppose 0 = 4*b + 5*h - 18648, -4*b + 3*h + 18632 = 4*h. Is b prime?
True
Suppose 0 = -5*a + 5 + 10. Suppose 20*l + 9 = 23*l. Suppose l*h = 2*i - a*i + 476, 0 = -2*i - 3*h + 961. Is i a composite number?
True
Is (0/(-4) + -7)*-967 a prime number?
False
Suppose 23977 + 16419 = 4*c. Is c a composite number?
False
Suppose 0 = 4*f + 3981 + 447. Let d = 1894 + f. Is d a prime number?
True
Let o = -2 + 2. Suppose o = -4*i - 5*p + 5 + 7, 0 = -3*i - p + 9. Suppose i*k - 56 - 7 = 0. Is k prime?
False
Let y(r) = -r + 276. Let n be y(0). Suppose n = 4*v + 2*x - 532, -5*x = -5*v + 1025. Is (v - (-2 - -1)) + -2 a prime number?
False
Suppose -t = 5*n - 9921, 29731 = 3*t - 0*t - n. Suppose -8*k - 3*k + t = 0. Is k prime?
False
Suppose 4*q - 4724 = 5*v, 2*v - 1443 = -2*q + 919. Is q composite?
False
Suppose -1538 = l - 2*l. Let x = l + -774. Suppose 0 = -9*a + 5*a + x. Is a a prime number?
True
Suppose -a = -5*f + 48968, -4*a - 16334 = -2*f + 3264. Is f composite?
True
Let b be (-32)/40 - 9209/(-5). Suppose n = c + 599, -5*n + 2*c + b + 1139 = 0. Let g = n + -383. Is g a composite number?
False
Suppose -25*j + 161509 = -269266. Is j a prime number?
True
Let v(n) = -n**2 + 43*n - 43. Is v(22) prime?
True
Suppose 1129 + 7922 = -3*r. Let o = 80 - r. Is o prime?
False
Let s be (1/4)/((-1)/(-4)). Let v = 6 - s. Suppose -t = 2*n - 187, n = v*n - 2*t - 354. Is n prime?
False
Let k(v) = 28*v - 3. Suppose d = -3*d. Let u = d + 2. Is k(u) composite?
False
Suppose 5*m = -3*i + 26612, -5*m + 4*m + 5325 = -2*i. Is m composite?
False
Suppose b + 5*k - 25 = 0, -2*b - 2*b - 3*k + 15 = 0. Is (-1 - (-2 - b))*317 a composite number?
False
Suppose 0 = -4*m + 3*k + 71222, -12*m - 5*k = -7*m - 89045. Is m a composite number?
False
Let o = -62 + 62. Suppose f + o*f + 2017 = 2*d, 3*d - 3009 = -4*f. Is d a prime number?
False
Let b be (7 - 11)*(1 - 0). Let k be -1 + (-1 - 11)/b. Suppose -k*u + 105 = u. Is u composite?
True
Is -2*-1*234 + -2 - -3 composite?
True
Let c(a) = -a**3 + 8*a**2 - 6*a + 6. Let v be c(6). Suppose 0 = -0*m + 3*m - v. Is 1/(-7) - (-4860)/m a composite number?
False
Let r(d) = -d - 1. Let z(i) = -11*i**2 + 12*i + 8. Let g(a) = -11*a**2 + 11*a + 7. Let c(h) = 5*g(h) - 4*z(h). Let w(k) = -c(k) - 4*r(k). Is w(7) composite?
True
Suppose -2*r + 4*r = 12. Let s(d) = 2*d + 6. Let w be s(r). Suppose w*n - 21*n + 318 = 0. Is n prime?
False
Suppose 6*d = d - 85. Let i(h) = -h**3 - 12*h**2 + 33*h + 14. Is i(d) composite?
True
Suppose -4*g + 5*p + 55461 = 0, -g + 6*p + 13869 = 4*p. Is g a composite number?
False
Let i = -14268 - -25651. Is i composite?
False
Let p = -1081 + 1444. Suppose 13 + 3 = 4*x. Suppose x*a = 7*a - p. Is a composite?
True
Let i be -7 + 2 + 61*77. Suppose 0 = 6*a + 6*a - i. Is a prime?
False
Let q = 47227 - 23741. Is q prime?
False
Suppose 0 = 10*q - 8*q - 4*g - 117038, -5*q = 2*g - 292619. Is q prime?
False
Let i = -504 - -1683. Let f = i + -530. Suppose -4*n + f = 5*d - 4*d, -4*n + d = -655. Is n a composite number?
False
Suppose -9*o - 100573 = -20*o. Is o a composite number?
True
Suppose 0 = s - 4 - 32. Let j(x) = -22*x - 39. Let m be j(-13). Let o = m - s. Is o prime?
True
Let g be 1097 + (-1)/(-4)*0. Let i = -556 + g. Is i a composite number?
False
Is -2*(17 - 1531)*87/12 a prime number?
False
Let s(g) = -g**3 - 7*g**2 - 10*g - 9. Let c be s(-8). Suppose -3*u - 219 - c = 0. Let k = -59 - u. Is k a composite number?
False
Suppose -3*i + 34218 = 3*t - 3765, -12661 = -t + i. Is t a composite number?
True
Let b(u) = -3*u**3 - 10*u**2 - 9*u + 33. Is b(-14) a prime number?
False
Suppose 4647 + 18132 = 3*a. Is a composite?
True
Let f = -11 - -5. Let i be (f/5)/((-2)/5). Suppose 0*m = 3*r + i*m - 459, 5*m = 5*r - 725. Is r composite?
False
Let z(o) = 7*o**3 + 8*o**2 - 6*o - 3. Let w be z(5). Let l be ((-3)/(-12) + 18/56)*7. Suppose 0 = -2*k + l*k - w. Is k a prime number?
True
Let i(u) = 1493*u + 471. Is i(10) a composite number?
False
Let p be ((-4)/8)/((-1)/2). Is ((-10)/(-20))/(p/1594) a composite number?
False
Suppose -1057265 + 107950 = -29*z. Is z a prime number?
False
Suppose 28*z - 60070 + 21962 = 0. Is z composite?
False
Is 451143/55 - 0 - 6/(-15) prime?
False
Let o(x) = -x**2 + 140*x - 329. Is o(62) prime?
True
Suppose 5*y = -0*y - 5*l - 15, -3*l - 25 = -5*y. Suppose 6*f + 1515 = 5*j + y*f, -3*j - 5*f + 909 = 0. Is j prime?
False
Let i(n) = -n**3 - 4*n**2 - 8*n + 5. Let z(s) = 6*s**3 + 19*s**2 + 40*s - 26. Let a(k) = 11*i(k) + 2*z(k). Let u be a(7). Is (246/u)/((-5)/10) a prime number?
False
Let a(k) = -3*k**3 - 3*k**2 + 2*k - 5. Let c(h) = -5*h + 1. Let b be c(1). Is a(b) a prime number?
True
Let v be 13/(-4) - 6/8. Let j be ((-6)/2 - v)/(-1). Is (-314)/((-1)/1 + j) prime?
True
Let x = 94 - 91. Let g(q) = 118*q**3 - q. Let l be g(1). Suppose 0 = -x*y + l + 150. Is y a composite number?
False
Let f = 238 + 1563. Is f a prime number?
True
Suppose -n - 3*i - 86215 = -5*n, 4*i + 4 = 0. Is n composite?
True
Let u(c) = 19*c**2 + 16. Let x(y) = 0*y**2 + 0*y**2 + 4 + 5*y**2. Let h(d) = -2*u(d) + 9*x(d). Is h(3) a prime number?
True
Let d(n) = -64*n - 50. Let u be d(7). Let v = 1 - 2. Is (v/(-3))/((-2)/u) a composite number?
False
Let q be (-2)/(-1 - 1002/(-998)). Is 3/1 - (q - -11) a prime number?
True
Let z = 348 + -191. Is z a composite number?
False
Let k = 7 - 4. Let q(w) = -9*w**2 + 20*w - 12. Let r(c) = 3*c**2 - 7*c + 4. Let a(z) = -4*q(z) - 11*r(z). Is a(k) a composite number?
True
Suppose 0*x = -3*x + 3. Let m(r) = r**2 - 9*r. Let p be m(7). Is (9/(-18))/(x/p) prime?
True
Let q = -105 - -686. Suppose 3*l = -5*x + 680, 5*l = 4*x - 0*x - q. Is x a composite number?
False
Is (11/((-99)/(-27)))/((-6)/(-81154)) composite?
False
Suppose -3*w - 155 = k - 1331, 0 = 4*w + 5*k - 1557. Is w prime?
False
Let f(o) = -2*o + 37. Suppose r = -2*r - 3*a + 48, -3*r + 48 = -2*a. Let l be f(r). Suppose 97 = l